d 4.
4
Calculate the greatest common divisor of 825 and 110.
55
Calculate the highest common divisor of 158 and 79.
79
What is the greatest common divisor of 1898 and 26?
26
Calculate the greatest common factor of 45 and 104985.
45
Calculate the highest common factor of 1092 and 420.
84
What is the highest common factor of 1376 and 2924?
172
What is the greatest common divisor of 6726 and 114?
114
Calculate the greatest common divisor of 102 and 4131.
51
What is the greatest common divisor of 64 and 376?
8
Calculate the greatest common factor of 30 and 75.
15
What is the greatest common factor of 1316 and 8?
4
What is the greatest common factor of 104 and 286?
26
What is the highest common factor of 12 and 6564?
12
Calculate the greatest common factor of 385 and 110.
55
Calculate the highest common divisor of 1132 and 4.
4
Calculate the highest common factor of 77 and 33.
11
What is the greatest common divisor of 1152 and 216?
72
What is the greatest common factor of 7 and 2408?
7
What is the greatest common factor of 9 and 288?
9
Calculate the highest common factor of 57738 and 6.
6
What is the greatest common factor of 4355 and 65?
65
Calculate the highest common divisor of 1870 and 770.
110
Calculate the greatest common divisor of 162 and 66.
6
What is the highest common divisor of 784 and 16?
16
Calculate the greatest common factor of 4577 and 69.
23
What is the highest common divisor of 14 and 126?
14
What is the greatest common divisor of 288 and 360?
72
What is the greatest common factor of 13 and 91?
13
What is the highest common factor of 3186 and 594?
54
What is the greatest common divisor of 231 and 132?
33
What is the greatest common factor of 70 and 112?
14
Calculate the greatest common divisor of 1568 and 868.
28
Calculate the greatest common factor of 1851 and 3.
3
Calculate the highest common factor of 192 and 162.
6
Calculate the highest common divisor of 161 and 5.
1
Calculate the highest common factor of 5396 and 95.
19
What is the greatest common divisor of 115 and 115?
115
Calculate the greatest common factor of 644 and 4669.
161
What is the highest common divisor of 205 and 164?
41
What is the greatest common divisor of 12 and 8?
4
Calculate the greatest common divisor of 515 and 20.
5
What is the highest common divisor of 21 and 21?
21
What is the greatest common factor of 328 and 11234?
82
What is the greatest common divisor of 170 and 90?
10
What is the greatest common factor of 72 and 4572?
36
Calculate the highest common divisor of 36662 and 46.
46
Calculate the greatest common factor of 675 and 405.
135
Calculate the highest common factor of 65 and 26.
13
What is the greatest common divisor of 274 and 37538?
274
What is the highest common divisor of 45 and 1035?
45
Calculate the greatest common divisor of 88 and 66.
22
Calculate the highest common divisor of 2 and 40.
2
What is the highest common divisor of 136 and 782?
34
What is the greatest common factor of 122976 and 224?
224
Calculate the highest common divisor of 1402 and 10.
2
Calculate the highest common divisor of 640 and 10.
10
What is the greatest common divisor of 15210 and 270?
90
What is the highest common divisor of 44 and 55?
11
What is the highest common divisor of 5211 and 27?
27
Calculate the greatest common divisor of 155 and 31.
31
Calculate the greatest common divisor of 15 and 255.
15
What is the greatest common factor of 63 and 693?
63
What is the greatest common factor of 36 and 972?
36
Calculate the highest common factor of 64 and 232.
8
Calculate the highest common divisor of 44780 and 20.
20
Calculate the greatest common divisor of 1719 and 135.
9
What is the greatest common divisor of 12 and 288?
12
Calculate the greatest common divisor of 102 and 1938.
102
Calculate the greatest common divisor of 136 and 10.
2
Calculate the greatest common divisor of 150 and 1250.
50
Calculate the highest common factor of 30 and 6870.
30
Calculate the greatest common factor of 26436 and 24.
12
What is the greatest common factor of 959 and 274?
137
Calculate the greatest common divisor of 87 and 696.
87
What is the highest common factor of 35 and 455?
35
Calculate the greatest common factor of 1068 and 12.
12
Calculate the highest common factor of 377 and 52.
13
Calculate the greatest common factor of 2575 and 103.
103
Calculate the greatest common factor of 594 and 1936.
22
What is the greatest common factor of 305 and 10?
5
What is the highest common factor of 12 and 66?
6
What is the highest common divisor of 864 and 80?
16
Calculate the highest common divisor of 2065 and 531.
59
What is the greatest common divisor of 6032 and 52?
52
Calculate the highest common factor of 144 and 16.
16
What is the greatest common divisor of 5418 and 504?
126
What is the greatest common factor of 407 and 74?
37
What is the greatest common divisor of 70 and 322?
14
Calculate the highest common divisor of 19223 and 94.
47
Calculate the greatest common divisor of 469 and 2881.
67
What is the highest common divisor of 380 and 80?
20
Calculate the highest common divisor of 826 and 42.
14
Calculate the greatest common factor of 91 and 117.
13
Calculate the greatest common divisor of 1830 and 270.
30
Calculate the greatest common divisor of 135 and 60.
15
Calculate the highest common divisor of 128 and 3456.
128
Calculate the highest common factor of 3454 and 33.
11
What is the greatest common factor of 14 and 14182?
14
What is the greatest common factor of 144 and 477?
9
Calculate the highest common divisor of 355 and 5.
5
What is the greatest common factor of 2071 and 1199?
109
Calculate the highest common divisor of 26 and 6.
2
Calculate the greatest common factor of 23 and 1541.
23
Calculate the highest common divisor of 945 and 168.
21
What is the highest common divisor of 258 and 1419?
129
Calculate the highest common factor of 6 and 122.
2
What is the highest common factor of 684 and 2907?
171
Calculate the highest common factor of 180 and 16.
4
What is the greatest common factor of 212 and 12?
4
Calculate the highest common divisor of 9 and 7.
1
What is the greatest common divisor of 1220 and 200?
20
Calculate the highest common factor of 38 and 8854.
38
What is the greatest common factor of 29 and 1537?
29
Calculate the highest common divisor of 22 and 242.
22
Calculate the greatest common divisor of 10011 and 282.
141
Calculate the greatest common divisor of 59 and 10561.
59
Calculate the highest common divisor of 13038 and 53.
53
Calculate the greatest common factor of 2485 and 525.
35
What is the greatest common divisor of 3942 and 730?
146
Calculate the greatest common divisor of 5 and 20.
5
What is the greatest common factor of 12 and 78168?
12
What is the greatest common factor of 1239 and 84?
21
What is the highest common factor of 84 and 236?
4
What is the greatest common factor of 165 and 2695?
55
What is the highest common factor of 45 and 63?
9
What is the greatest common factor of 243 and 135?
27
Calculate the greatest common factor of 15 and 20.
5
What is the highest common factor of 264 and 11?
11
What is the greatest common divisor of 320 and 10?
10
Calculate the highest common divisor of 26 and 377.
13
What is the greatest common divisor of 348 and 6322?
58
What is the greatest common factor of 1482 and 4104?
114
Calculate the greatest common divisor of 60 and 65.
5
What is the greatest common divisor of 925 and 150?
25
Calculate the greatest common factor of 22 and 3058.
22
Calculate the highest common factor of 28 and 56.
28
Calculate the highest common factor of 186 and 4278.
186
Calculate the greatest common divisor of 662 and 4.
2
Calculate the highest common divisor of 406 and 16.
2
What is the greatest common divisor of 68 and 24?
4
Calculate the greatest common divisor of 3680 and 1280.
160
Calculate the highest common divisor of 465 and 30.
15
Calculate the highest common divisor of 189 and 7.
7
What is the greatest common divisor of 88171 and 37?
37
Calculate the greatest common factor of 1326 and 136.
34
What is the greatest common divisor of 1460 and 20?
20
Calculate the highest common divisor of 1836 and 18.
18
What is the highest common factor of 4235 and 245?
35
What is the highest common factor of 11 and 341?
11
What is the highe